{"id":791,"date":"2021-03-20T19:46:25","date_gmt":"2021-03-20T18:46:25","guid":{"rendered":"http:\/\/localhost:8888\/wordpress\/?page_id=791"},"modified":"2022-09-12T08:58:59","modified_gmt":"2022-09-12T06:58:59","slug":"faq","status":"publish","type":"page","link":"https:\/\/lekyokai-villeurbanne.fr\/?page_id=791","title":{"rendered":"FAQ"},"content":{"rendered":"\t\t<div data-elementor-type=\"wp-page\" data-elementor-id=\"791\" class=\"elementor elementor-791\">\n\t\t\t\t\t\t<section class=\"elementor-section elementor-top-section elementor-element elementor-element-76120c25 elementor-section-boxed elementor-section-height-default elementor-section-height-default\" data-id=\"76120c25\" data-element_type=\"section\" data-e-type=\"section\">\n\t\t\t\t\t\t<div class=\"elementor-container elementor-column-gap-default\">\n\t\t\t\t\t<div class=\"aux-parallax-section elementor-column elementor-col-50 elementor-top-column elementor-element elementor-element-5972ef1e\" data-id=\"5972ef1e\" data-element_type=\"column\" data-e-type=\"column\">\n\t\t\t<div class=\"elementor-widget-wrap elementor-element-populated\">\n\t\t\t\t\t\t<div class=\"elementor-element elementor-element-7ac8b64b aux-appear-watch-animation aux-fade-in elementor-widget elementor-widget-aux_image\" data-id=\"7ac8b64b\" data-element_type=\"widget\" data-e-type=\"widget\" data-widget_type=\"aux_image.default\">\n\t\t\t\t<div class=\"elementor-widget-container\">\n\t\t\t\t\t<section class=\"widget-container aux-widget-image aux-alignnone aux-parent-au5c8658a9\">\n    <div class=\"aux-media-hint-frame \">\n        <div class=\"aux-media-image \" >\n        \n            \n\n            \n            <img fetchpriority=\"high\" decoding=\"async\" width=\"1314\" height=\"200\" src=\"https:\/\/lekyokai-villeurbanne.fr\/wp-content\/uploads\/2022\/03\/cropped-IMG-20220206-WA0015-e1652454227237-1388x200.jpg\" class=\"aux-attachment aux-featured-image aux-attachment-id-4543\" alt=\"cropped-IMG-20220206-WA0015.jpg\" srcset=\"https:\/\/lekyokai-villeurbanne.fr\/wp-content\/uploads\/2022\/03\/cropped-IMG-20220206-WA0015-e1652454227237-150x22.jpg 150w,https:\/\/lekyokai-villeurbanne.fr\/wp-content\/uploads\/2022\/03\/cropped-IMG-20220206-WA0015-e1652454227237-300x43.jpg 300w,https:\/\/lekyokai-villeurbanne.fr\/wp-content\/uploads\/2022\/03\/cropped-IMG-20220206-WA0015-e1652454227237-768x111.jpg 768w,https:\/\/lekyokai-villeurbanne.fr\/wp-content\/uploads\/2022\/03\/cropped-IMG-20220206-WA0015-e1652454227237-1024x148.jpg 1024w,https:\/\/lekyokai-villeurbanne.fr\/wp-content\/uploads\/2022\/03\/cropped-IMG-20220206-WA0015-e1652454227237-1388x200.jpg 1314w\" data-ratio=\"6.94\" data-original-w=\"1314\" sizes=\"(max-width:479px) 480px,(max-width:767px) 768px,(max-width:1023px) 1024px,1314px\" \/>            \n                <\/div>\n    <\/div>\n\n<\/section><!-- widget-container -->\t\t\t\t<\/div>\n\t\t\t\t<\/div>\n\t\t\t\t\t<\/div>\n\t\t<\/div>\n\t\t\t\t<div class=\"aux-parallax-section elementor-column elementor-col-50 elementor-top-column elementor-element elementor-element-118c4de2\" data-id=\"118c4de2\" data-element_type=\"column\" data-e-type=\"column\" data-settings=\"{&quot;background_background&quot;:&quot;classic&quot;}\">\n\t\t\t<div class=\"elementor-widget-wrap elementor-element-populated\">\n\t\t\t\t\t\t<div class=\"elementor-element elementor-element-14e110bd aux-appear-watch-animation aux-fade-in-right-1 elementor-widget elementor-widget-aux_modern_heading\" data-id=\"14e110bd\" data-element_type=\"widget\" data-e-type=\"widget\" data-widget_type=\"aux_modern_heading.default\">\n\t\t\t\t<div class=\"elementor-widget-container\">\n\t\t\t\t\t<section class=\"aux-widget-modern-heading\">\n            <div class=\"aux-widget-inner\"><div class=\"aux-modern-heading-divider\"><\/div><h2 class=\"aux-modern-heading-primary\">FAQ<\/h2><\/div>\n        <\/section>\t\t\t\t<\/div>\n\t\t\t\t<\/div>\n\t\t\t\t\t<\/div>\n\t\t<\/div>\n\t\t\t\t\t<\/div>\n\t\t<\/section>\n\t\t\t\t<section class=\"elementor-section elementor-top-section elementor-element elementor-element-53e1462 aux-appear-watch-animation aux-fade-in-right elementor-section-stretched elementor-section-boxed elementor-section-height-default elementor-section-height-default\" data-id=\"53e1462\" data-element_type=\"section\" data-e-type=\"section\" data-settings=\"{&quot;stretch_section&quot;:&quot;section-stretched&quot;}\">\n\t\t\t\t\t\t<div class=\"elementor-container elementor-column-gap-default\">\n\t\t\t\t\t<div class=\"aux-parallax-section elementor-column elementor-col-100 elementor-top-column elementor-element elementor-element-decb088\" data-id=\"decb088\" data-element_type=\"column\" data-e-type=\"column\">\n\t\t\t<div class=\"elementor-widget-wrap\">\n\t\t\t\t\t\t\t<\/div>\n\t\t<\/div>\n\t\t\t\t\t<\/div>\n\t\t<\/section>\n\t\t\t\t<section class=\"elementor-section elementor-top-section elementor-element elementor-element-683a2793 aux-appear-watch-animation aux-fade-in-up elementor-section-boxed elementor-section-height-default elementor-section-height-default\" data-id=\"683a2793\" data-element_type=\"section\" data-e-type=\"section\">\n\t\t\t\t\t\t<div class=\"elementor-container elementor-column-gap-default\">\n\t\t\t\t\t<div class=\"aux-parallax-section elementor-column elementor-col-100 elementor-top-column elementor-element elementor-element-3a2b5555\" data-id=\"3a2b5555\" data-element_type=\"column\" data-e-type=\"column\">\n\t\t\t<div class=\"elementor-widget-wrap elementor-element-populated\">\n\t\t\t\t\t\t<div class=\"elementor-element elementor-element-67c5ec68 elementor-widget elementor-widget-text-editor\" data-id=\"67c5ec68\" data-element_type=\"widget\" data-e-type=\"widget\" data-widget_type=\"text-editor.default\">\n\t\t\t\t<div class=\"elementor-widget-container\">\n\t\t\t\t\t\t\t\t\t<div class=\"style-773 style-local-791-c1 position-relative\" data-colibri-id=\"791-c1\"><div id=\"custom-3\" class=\"h-section h-section-global-spacing d-flex align-items-lg-center align-items-md-center align-items-center style-1179 style-local-791-c10 position-relative\" data-colibri-component=\"section\" data-colibri-id=\"791-c10\"><div class=\"h-section-grid-container h-section-boxed-container\"><div class=\"h-row-container gutters-row-lg-2 gutters-row-md-2 gutters-row-0 gutters-row-v-lg-2 gutters-row-v-md-2 gutters-row-v-2 style-1180 style-local-791-c11 position-relative\" data-colibri-id=\"791-c11\"><div class=\"h-row justify-content-lg-center justify-content-md-center justify-content-center align-items-lg-stretch align-items-md-stretch align-items-stretch gutters-col-lg-2 gutters-col-md-2 gutters-col-0 gutters-col-v-lg-2 gutters-col-v-md-2 gutters-col-v-2\"><div class=\"h-column h-column-container d-flex h-col-lg-auto h-col-md-auto h-col-auto style-1181-outer style-local-791-c12-outer\"><div class=\"d-flex h-flex-basis h-column__inner h-px-lg-2 h-px-md-2 h-px-2 v-inner-lg-2 v-inner-md-2 v-inner-2 style-1181 style-local-791-c12 position-relative\" data-colibri-id=\"791-c12\"><div class=\"w-100 h-y-container h-column__content h-column__v-align flex-basis-100 align-self-lg-start align-self-md-start align-self-start\"><div class=\"h-text h-text-component style-1183 style-local-791-c13 position-relative h-element\" data-colibri-id=\"791-c13\"><div class=\"\"><p>Nous n&rsquo;avons pas r\u00e9pondu \u00e0 toutes vos questions? N&rsquo;h\u00e9sitez pas \u00e0 nous contacter via notre formulaire.<\/p><\/div><\/div><\/div><\/div><\/div><\/div><\/div><\/div><\/div><\/div>\t\t\t\t\t\t\t\t<\/div>\n\t\t\t\t<\/div>\n\t\t\t\t\t<\/div>\n\t\t<\/div>\n\t\t\t\t\t<\/div>\n\t\t<\/section>\n\t\t\t\t<section class=\"elementor-section elementor-top-section elementor-element elementor-element-cd85b5e elementor-section-boxed elementor-section-height-default elementor-section-height-default\" data-id=\"cd85b5e\" data-element_type=\"section\" data-e-type=\"section\">\n\t\t\t\t\t\t<div class=\"elementor-container elementor-column-gap-default\">\n\t\t\t\t\t<div class=\"aux-parallax-section elementor-column elementor-col-100 elementor-top-column elementor-element elementor-element-d507331\" data-id=\"d507331\" data-element_type=\"column\" data-e-type=\"column\">\n\t\t\t<div class=\"elementor-widget-wrap elementor-element-populated\">\n\t\t\t\t\t\t<div class=\"elementor-element elementor-element-bbe2d29 e-transform e-transform aux-appear-watch-animation aux-fade-in-up elementor-widget elementor-widget-aux_modern_button\" data-id=\"bbe2d29\" data-element_type=\"widget\" data-e-type=\"widget\" data-settings=\"{&quot;_transform_scale_effect_hover&quot;:{&quot;unit&quot;:&quot;px&quot;,&quot;size&quot;:1.1,&quot;sizes&quot;:[]},&quot;_transform_translateX_effect_hover&quot;:{&quot;unit&quot;:&quot;px&quot;,&quot;size&quot;:&quot;&quot;,&quot;sizes&quot;:[]},&quot;_transform_translateX_effect_hover_tablet&quot;:{&quot;unit&quot;:&quot;px&quot;,&quot;size&quot;:&quot;&quot;,&quot;sizes&quot;:[]},&quot;_transform_translateX_effect_hover_mobile&quot;:{&quot;unit&quot;:&quot;px&quot;,&quot;size&quot;:&quot;&quot;,&quot;sizes&quot;:[]},&quot;_transform_translateY_effect_hover&quot;:{&quot;unit&quot;:&quot;px&quot;,&quot;size&quot;:&quot;&quot;,&quot;sizes&quot;:[]},&quot;_transform_translateY_effect_hover_tablet&quot;:{&quot;unit&quot;:&quot;px&quot;,&quot;size&quot;:&quot;&quot;,&quot;sizes&quot;:[]},&quot;_transform_translateY_effect_hover_mobile&quot;:{&quot;unit&quot;:&quot;px&quot;,&quot;size&quot;:&quot;&quot;,&quot;sizes&quot;:[]},&quot;_transform_scale_effect_hover_tablet&quot;:{&quot;unit&quot;:&quot;px&quot;,&quot;size&quot;:&quot;&quot;,&quot;sizes&quot;:[]},&quot;_transform_scale_effect_hover_mobile&quot;:{&quot;unit&quot;:&quot;px&quot;,&quot;size&quot;:&quot;&quot;,&quot;sizes&quot;:[]}}\" data-widget_type=\"aux_modern_button.default\">\n\t\t\t\t<div class=\"elementor-widget-container\">\n\t\t\t\t\t    <div class=\"aux-modern-button-wrapper aux-modern-button-align-center\" >\n                    <a class=\"aux-modern-button aux-black aux-modern-button-md aux-modern-button-round aux-modern-button-default aux-icon-\" href=\"https:\/\/lekyokai-villeurbanne.fr\/?page_id=4728\" target=\"_blank\">\n                <div class=\"aux-overlay\"><\/div>\n                                    <div class=\"aux-icon \">\n                                            <\/div>\n                                <div class=\"aux-text\">\n<span class=\"aux-text-before\">Cliquez ici<\/span>                <\/div>\n            <\/a>\n            \n    <\/div>\n\n    \t\t\t\t<\/div>\n\t\t\t\t<\/div>\n\t\t\t\t<div class=\"elementor-element elementor-element-c68b929 elementor-widget elementor-widget-aux_accordion\" data-id=\"c68b929\" data-element_type=\"widget\" data-e-type=\"widget\" data-widget_type=\"aux_accordion.default\">\n\t\t\t\t<div class=\"elementor-widget-container\">\n\t\t\t\t\t<section class=\"widget-container aux-widget-accordion widget-toggle aux-parent-au6d8a4707\" style=\"\" ><div class=\"widget-inner  aux-type-accordion\" data-toggle=\"false\"><section class=\"aux-toggle-item\"><h5 id=\"aux-toggle-header-2081\" class=\"aux-toggle-header toggle-header\" tabindex=\"2081\" role=\"tab\" aria-controls=\"aux-toggle-content-2081\" >Puis-je m'inscrire en cours d'ann\u00e9e? <\/h5><div id=\"aux-toggle-content-2081\" class=\"aux-toggle-content toggle-content\" tabindex=\"2081\" role=\"tabpanel\" aria-labelledby=\"aux-toggle-header-2081\" ><p>Oui, vous pouvez vous inscrire en cours d'ann\u00e9e avec un prorata sur l'abonnement annuel.\u00a0<\/p><\/div><\/section><section class=\"aux-toggle-item\"><h5 id=\"aux-toggle-header-2082\" class=\"aux-toggle-header toggle-header\" tabindex=\"2082\" role=\"tab\" aria-controls=\"aux-toggle-content-2082\" >Puis-je faire des cours d'essais avant de m'inscrire?<\/h5><div id=\"aux-toggle-content-2082\" class=\"aux-toggle-content toggle-content\" tabindex=\"2082\" role=\"tabpanel\" aria-labelledby=\"aux-toggle-header-2082\" ><p>Bien s\u00fbr, vous avez le droit \u00e0 deux cours d\u2019essais valables pour les trois disciplines, qui se d\u00e9roulent g\u00e9n\u00e9ralement en d\u00e9but de saison.\nCela reste possible en cours de saison.<br><\/p><\/div><\/section><section class=\"aux-toggle-item\"><h5 id=\"aux-toggle-header-2083\" class=\"aux-toggle-header toggle-header\" tabindex=\"2083\" role=\"tab\" aria-controls=\"aux-toggle-content-2083\" >Les \u00e9quipements sont-ils fournis par le club?<\/h5><div id=\"aux-toggle-content-2083\" class=\"aux-toggle-content toggle-content\" tabindex=\"2083\" role=\"tabpanel\" aria-labelledby=\"aux-toggle-header-2083\" ><p>Compte tenu des conditions sanitaires actuelles, nous demandons \u00e0 nos adh\u00e9rent(e)s adultes d\u2019emmener leurs propres \u00e9quipements\u00a0 afin de ne pas favoriser la transmission du virus. Les protections pour les enfants sont fournis et d\u00e9sinfect\u00e9s \u00e0 chaque fin de s\u00e9ance.<\/p><\/div><\/section><section class=\"aux-toggle-item\"><h5 id=\"aux-toggle-header-2084\" class=\"aux-toggle-header toggle-header\" tabindex=\"2084\" role=\"tab\" aria-controls=\"aux-toggle-content-2084\" >Sommes-nous assur\u00e9s en cas de blessure pendant les entra\u00eenements?<\/h5><div id=\"aux-toggle-content-2084\" class=\"aux-toggle-content toggle-content\" tabindex=\"2084\" role=\"tabpanel\" aria-labelledby=\"aux-toggle-header-2084\" ><p>Oui, lors de votre inscription vous souscrivez obligatoirement une licence aupr\u00e8s de la f\u00e9d\u00e9ration qui vous couvre en cas d\u2019accident.<\/p><\/div><\/section><section class=\"aux-toggle-item\"><h5 id=\"aux-toggle-header-2085\" class=\"aux-toggle-header toggle-header\" tabindex=\"2085\" role=\"tab\" aria-controls=\"aux-toggle-content-2085\" >Le port du masque est-il obligatoire pendant les entra\u00eenements? <\/h5><div id=\"aux-toggle-content-2085\" class=\"aux-toggle-content toggle-content\" tabindex=\"2085\" role=\"tabpanel\" aria-labelledby=\"aux-toggle-header-2085\" ><p>Il n'est plus obligatoire pour les entrainements, mais rien ne vous emp\u00eache de le mettre.<\/p><\/div><\/section><\/div><\/section><!-- widget-container -->\t\t\t\t<\/div>\n\t\t\t\t<\/div>\n\t\t\t\t\t<\/div>\n\t\t<\/div>\n\t\t\t\t\t<\/div>\n\t\t<\/section>\n\t\t\t\t<\/div>\n\t\t","protected":false},"excerpt":{"rendered":"<p>FAQ Nous n&rsquo;avons pas r\u00e9pondu \u00e0 toutes vos questions? N&rsquo;h\u00e9sitez pas \u00e0 nous contacter via notre formulaire. Cliquez ici Puis-je m&rsquo;inscrire en cours d&rsquo;ann\u00e9e? Oui, vous pouvez vous inscrire en cours d&rsquo;ann\u00e9e avec un prorata sur l&rsquo;abonnement annuel.\u00a0 Puis-je faire des cours d&rsquo;essais avant de m&rsquo;inscrire? Bien s\u00fbr, vous avez le droit \u00e0 deux cours [&hellip;]<\/p>\n","protected":false},"author":1,"featured_media":0,"parent":0,"menu_order":0,"comment_status":"closed","ping_status":"closed","template":"","meta":{"footnotes":""},"class_list":["post-791","page","type-page","status-publish","hentry"],"_links":{"self":[{"href":"https:\/\/lekyokai-villeurbanne.fr\/index.php?rest_route=\/wp\/v2\/pages\/791","targetHints":{"allow":["GET"]}}],"collection":[{"href":"https:\/\/lekyokai-villeurbanne.fr\/index.php?rest_route=\/wp\/v2\/pages"}],"about":[{"href":"https:\/\/lekyokai-villeurbanne.fr\/index.php?rest_route=\/wp\/v2\/types\/page"}],"author":[{"embeddable":true,"href":"https:\/\/lekyokai-villeurbanne.fr\/index.php?rest_route=\/wp\/v2\/users\/1"}],"replies":[{"embeddable":true,"href":"https:\/\/lekyokai-villeurbanne.fr\/index.php?rest_route=%2Fwp%2Fv2%2Fcomments&post=791"}],"version-history":[{"count":109,"href":"https:\/\/lekyokai-villeurbanne.fr\/index.php?rest_route=\/wp\/v2\/pages\/791\/revisions"}],"predecessor-version":[{"id":6405,"href":"https:\/\/lekyokai-villeurbanne.fr\/index.php?rest_route=\/wp\/v2\/pages\/791\/revisions\/6405"}],"wp:attachment":[{"href":"https:\/\/lekyokai-villeurbanne.fr\/index.php?rest_route=%2Fwp%2Fv2%2Fmedia&parent=791"}],"curies":[{"name":"wp","href":"https:\/\/api.w.org\/{rel}","templated":true}]}}